)/12) - 3). Let n(q) = 2*q - 5. What is n(o)?
7
Let l(m) = -18 + 5*m - 23 + 41. Determine l(-3).
-15
Let n(i) be the second derivative of 0 + 7/20*i**5 + 0*i**3 + 0*i**2 + 0*i**4 - 2*i. Calculate n(1).
7
Let z = 0 - -5. Suppose -5*j - 5*v = -0*v + 15, j + 5*v - z = 0. Let g(n) = n**2 + 3*n - 4. What is g(j)?
6
Suppose 4*l - 2 = 3*x, -3*l - 3*x + 10 = -x. Suppose l*n - 5*n - 5*f = 22, 18 = -3*n - 3*f. Let y(u) = 9*u + 0*u**2 - 3*u + u**2 + 4. Determine y(n).
-4
Let k(x) = x**3 + 153*x + 3*x**2 - 3 - 308*x + 156*x. Let d = -4 - -1. What is k(d)?
-6
Let r(q) = -q + 1483 - 1483. Calculate r(1).
-1
Let q be -8*3/(-5)*15/12. Let n(x) = 0 + x - 2 + 0*x. What is n(q)?
4
Let v(t) = 4*t - 3. Suppose 0 = 6*a - a + 20. Let m(q) = -q**3 - 4*q**2 - 3*q - 6. Let w be m(-4). Let l = w + a. Determine v(l).
5
Let c(v) = 4*v + 0 - 2*v**3 - 3*v - 1 + v**2. Suppose 4*x + 0 = 8. Suppose o - x = -1. What is c(o)?
-1
Let u(r) be the second derivative of -3*r**2 - 1/12*r**4 - r**3 + 0 + 6*r. What is u(-6)?
-6
Let p(d) = d**2 + 7*d + 2. Suppose 3*u - 4 = 5. Suppose w + 2*j + 11 = 0, 2*w + 40 = -u*w + 5*j. Let f be (w/3)/((-6)/(-8)). Determine p(f).
-10
Let u(m) be the second derivative of m**6/180 + 7*m**5/120 + m**4/6 - m**3/3 + m. Let r(k) be the second derivative of u(k). Determine r(-4).
8
Suppose -w + 6 = 2*u - 3*w, -4*u + 5*w + 10 = 0. Let s(g) = g**3 - g**2 + g - 1. Let j(n) = 3*n**3 + n**2 + 5*n - 10. Let r(v) = -j(v) + 4*s(v). Calculate r(u).
1
Let b(q) be the first derivative of 0*q + 2 - 1/2*q**2 - 1/3*q**3. Determine b(0).
0
Let c(u) = -u**3 - 7*u**2 - 9*u - 5. Suppose -2*x - 37 + 25 = 0. Determine c(x).
13
Suppose -31 = -9*p - 121. Let o(w) = -2*w - 14. Give o(p).
6
Let q(l) = l**2 - l + 6. Let p(m) = -1. Let a(s) = -3*p(s) - q(s). What is a(0)?
-3
Let s(t) = 5*t**3 - 6*t + 6. Suppose -4*z + 2*z = 34. Let f(d) = -14*d**3 - d**2 + 18*d - 17. Let u(x) = z*s(x) - 6*f(x). What is u(4)?
8
Let j(r) = r**3 - 6*r**2 - 7*r + 6. Let k be j(7). Suppose b + k = 1. Let a(m) = -m**2 - 5*m + 5. Give a(b).
5
Suppose 30 = 4*m + 6. Suppose -m*f = -4*f. Let t(k) = -k**2 + k + 6. What is t(f)?
6
Let h(k) = -k**2 + 9*k - 8. Let u(b) = -b + 1. Let d(o) = o**2 + 5*o - 5. Let y(m) = d(m) + 6*u(m). Let n be y(3). Determine h(n).
6
Suppose -2*d + 0*d = 8. Let p(n) = -n**3 - 4*n**2 - 3*n - 6. Let s(t) = 2*t**3 + 8*t**2 + 6*t + 12. Let l(r) = -7*p(r) - 4*s(r). What is l(d)?
6
Let c(y) be the first derivative of 3*y**4/2 + 2*y**3/3 + y**2 + y - 7. What is c(-1)?
-5
Let o = -9 - -15. Let i(l) be the first derivative of -l**2/2 + 12*l - 129. Calculate i(o).
6
Let y(r) = -3*r + 6*r - 4*r. Let a(l) = -7*l + 4. Let o(m) = a(m) - 6*y(m). What is o(-3)?
7
Let x(i) = i + 8. Suppose -6 = -3*d + 4*d. Give x(d).
2
Let y(a) be the second derivative of -a**4/12 - a**3/6 + 7*a**2/2 - 9*a. What is y(0)?
7
Suppose -6*m + 2*m + 56 = 0. Suppose 2*z + 3*x = 2*x, -z = -3*x - m. Let j be 5 + -3 + 6/z. Let s(k) = k**2 - 5*k + 4. Calculate s(j).
4
Let r(w) = -4*w - 6. Let v(l) = 2*l - 35. Let p be v(15). Give r(p).
14
Let u(r) = 3*r. Suppose -3*m + 5*x + 3 = -19, 3*m = -x - 8. Calculate u(m).
-3
Let c(s) be the third derivative of 0 - 2*s**2 + 1/40*s**5 + 1/6*s**3 - 1/6*s**4 + 0*s. Let q(l) be the first derivative of c(l). Determine q(3).
5
Let o(u) be the third derivative of -u**5/60 + 7*u**4/24 - 4*u**3/3 - 2*u**2. Let v be o(6). Let a(s) = -4 - s + 1 - s. Determine a(v).
1
Suppose 0*s - 3*s - 5*r = -17, -16 = -3*s - 4*r. Let n(j) = -5*j**2 + 0*j**3 - 7*j - j**3 + 10*j**2 + 3*j. Calculate n(s).
0
Let p(g) = 5*g + 1. Suppose 2*x = -3*x + 2*m + 15, -5*m = 25. Determine p(x).
6
Let w(r) = -2*r - 6*r + 10*r - 4*r. Determine w(4).
-8
Let k(j) = -j**3 - 3*j**2 + 2. Let h be k(-3). Let t(m) = 2*m + 7 - 7*m + 2*m + h*m. Give t(5).
2
Let y(w) = -9*w**3 + 13*w**2 - 13*w + 11. Let v(i) = -5*i**3 + 6*i**2 - 6*i + 5. Let c(s) = 13*v(s) - 6*y(s). Calculate c(-1).
10
Let l(g) = 2*g**2 - 2*g + 2. Let s = 13 + -11. Calculate l(s).
6
Let k(j) be the second derivative of -j**3/6 + 7*j**2 + 9*j. Determine k(6).
8
Let a(q) be the first derivative of -5/2*q**2 - 1/4*q**4 - 4*q - 4/3*q**3 - 1. What is a(-3)?
2
Let a(v) = 10*v**3 - v**2 + 1. Let r(k) = k**3 + 10*k**2 - 8*k + 11. Let z(l) = -l**2 - l. Let g(h) = r(h) + z(h). Let o be g(-10). Determine a(o).
10
Let q(j) = -j**2 - 6. Let x be 2/(1 + -3) + 3. Suppose x*h = -h. Calculate q(h).
-6
Let t(b) = b - 3. Suppose 0 = -4*y + 5*z - z - 16, 3*z = y + 2. Let p be (-1)/((5/8)/y). Suppose 5*w - p = 7*w. Calculate t(w).
-7
Let t(o) be the third derivative of o**5/120 + o**3/2 - o**2. Let j(i) be the first derivative of t(i). What is j(-1)?
-1
Let h(d) = 29*d**2 + 2*d + 3. Let a(w) = -19*w**2 - w - 2. Let b(x) = -8*a(x) - 5*h(x). Let l(o) = o**3 - 2*o**2 - 2*o - 2. Let i be l(3). What is b(i)?
6
Let a(t) = -t - 3. Suppose -7 + 1 = -3*d. Suppose -4*i = -2*j - d, -16 + 0 = -5*i - 2*j. Let l(u) = -3*u + 2. Let x be l(i). Determine a(x).
1
Suppose 2*o - 4 = 4*o - 4*w, 3*w - 6 = 0. Let f = 4 - o. Let r(p) = p**f + 6 - 4*p - p**2 - p**2. What is r(-5)?
1
Let h(q) be the third derivative of -3*q**2 - 5/24*q**4 - 1/120*q**6 + 0*q + 0 + 1/12*q**5 + q**3. Calculate h(4).
2
Suppose -6 - 6 = -12*c. Let u(m) = -m**2 + 2*m - 1. Determine u(c).
0
Suppose 0 = 2*f - 6, 2*f - 3 = k - f. Let z(b) = 2*b - 2 - 2*b + k*b + 1. Let j = -2 + 3. Give z(j).
5
Let z(u) = u**3. Let f(t) = -t**3. Suppose 0 = 5*a - 6*a - 3. Let o(b) = a*f(b) - 4*z(b). Give o(0).
0
Let c be (-36)/(-6) - 1*3. Let w be (-7)/3 - 1/(-3). Let i be (w/c)/(2/12). Let s(u) = -u**2 - 5*u + 2. Calculate s(i).
6
Let v(j) = -2*j**3 + 2*j**2 - 3*j + 2. Let x(w) = 2*w**3 - w**2 + 2*w - 2. Let l(h) = -3*v(h) - 4*x(h). Calculate l(-2).
8
Suppose 5*n + 6 = n + c, 1 = 3*n + 2*c. Let d(r) = -r**3 + r**2 - 6*r - 7. Let x(y) = -y**2 + 5*y + 6. Let g(p) = -5*d(p) - 6*x(p). Calculate g(n).
-5
Let h(p) = -p**2 - 8*p - 10. Let k be h(-7). Let o(f) = -4*f + 3. Let x(v) = v**2 + 3*v - 2. Let z(i) = k*x(i) - 2*o(i). Let g = -4 + 3. What is z(g)?
-2
Let u(t) = -t**2 + 4*t + 5. Let o(l) = -l**3 - 3*l**2 + 3*l. Let v be o(-4). Calculate u(v).
5
Let d(s) = 2*s + 2*s**2 - 5*s**2 - 19 + 2*s**3 + 18. Suppose -2*w = -4*j - 6*w - 4, 18 = -4*j + 3*w. Let q = 5 + j. Calculate d(q).
7
Let q(y) be the second derivative of -y**4/12 - 2*y**3/3 + 5*y**2/2 + 21*y. Give q(-5).
0
Let a(y) = 7*y + 3. Let s(k) = 10*k + 4. Let p(f) = 7*a(f) - 5*s(f). Suppose 0 = 2*t - 6 - 0. Suppose -t = -2*r + 1. Determine p(r).
-1
Let q(c) = -7*c**3 - c**2 + 6*c + 6. Let o(d) = 13*d**3 + 2*d**2 - 11*d - 11. Let v(k) = -6*o(k) - 11*q(k). Determine v(-2).
4
Let j(b) = -2*b - 1. Let w = 16 + -10. Let n(h) be the third derivative of h**4/24 - h**3/3 + 3*h**2. Let i be n(w). What is j(i)?
-9
Let o(h) = h**2 + 7*h + 3. Let p(l) = -2*l**2 + 2*l - 1. Let g = -14 - -20. Let w be (-6)/(-4) - (-3)/g. Let i be p(w). Determine o(i).
-7
Let b(r) = 4 + 0*r - 3 - 5*r - 6. Let s(q) = -1. Let z(v) = -b(v) + 6*s(v). Calculate z(-1).
-6
Let i(q) = -q**2 + 7*q - 6. Let a be i(5). Suppose a*g = -2*v + 5*v + 2, 4*g = -v + 10. Let n(h) = 0 + v*h - h + 0. Calculate n(-4).
-4
Let s(t) = -t**3 + 2*t**2 + 4*t - 2. Suppose -4*y - a + 16 = -0, 8 = 2*y - 4*a. Let k be 10/y + (-2)/(-4). Determine s(k).
1
Let b(m) = m**3 - 6*m**3 + 5 + 6*m**2 - 2*m**3 - 13*m + 8. Let p(d) = -d**3 - d + 1. Let n(t) = b(t) - 6*p(t). Determine n(5).
-3
Let a be (25/10)/((-1)/2). Let v(r) = 6*r**2 + 4*r + 11. Let l(h) = -5*h**2 - 4*h - 10. Let g(b) = a*l(b) - 4*v(b). Give g(-4).
6
Let h(u) = -u**3 + 6*u**2 + 6*u + 4. Let b be 105/14 + (-2)/4. What is h(b)?
-3
Let x be 48/(-30) - 4/10. Let w(c) = c**3 + c**2 - 2*c. What is w(x)?
0
Suppose -m - 3*x = 30, -m - 22 = x - 6*x. Let r be (-75)/m + 2/9. Let v(b) = 2 - 3*b + r*b - b. Give v(1).
1
Let l be 2/3*-3 - 1/(-1). Let j(s) = s + 1 - 6*s + 0*s. What is j(l)?
6
Let u(m) = 2*m - 2. Let w(r) = -r + 7. Let d be w(4). Give u(d).
4
Let r(l) be the third derivative of -l**5/60 - l**4/8 + l**3/6 + 7*l**2. Determine r(-4).
-3
Let n be (8/10)/((-6)/(-30)). Let v(c) = -n*c**2 - 2 + 2 + 2*c + 1. Determine v(-1).
-5
Let d(c) = c**2 - 4*c + 3. Suppose 5*x + h = 7 + 4, 4*x - 32 = 5*h. Determine d(x).
0
Let n(a) be the first derivative of -9*a + 1/2*a**2 - 4. Give n(8).
-1
Let j(i) = -i - 7. Suppose -4*h + 4 = 